98 + d. What is the remainder when b(72) is divided by l?
41
Suppose 2*n - 108*b = -110*b + 50, -5*b + 59 = 2*n. What is the remainder when 41 is divided by n?
19
Suppose -114*y = -323*y + 249755. Calculate the remainder when y is divided by 50.
45
Suppose 5*m - 380 = -0*m. Let j(l) = -l + 7. Let k be j(7). Suppose k = 37*b - 33*b - m. Calculate the remainder when b is divided by 6.
1
Let f(u) = 15*u + 2. Suppose -12*t - 212 = -16*t. Let q = t - 41. Calculate the remainder when f(7) is divided by q.
11
Let t(l) = -l**2 + 29. Let c be t(5). Suppose -4*g + 8*y - 3*y = -191, -c*g - y = -221. Calculate the remainder when g is divided by 22.
10
Let s(a) = 3428*a**3 - 7*a**2 + 8*a + 1. Calculate the remainder when s(1) is divided by 26.
24
Let i = 289 - 252. Suppose i*q - 27 = 84. What is the remainder when 48 is divided by q?
0
Suppose -8 = 4*v - 0. What is the remainder when 63 is divided by -3*304/(-84) - v/14?
8
Let t = 386 - 377. Let z = 44 + -27. Calculate the remainder when (t + -7)/(2/z) is divided by 11.
6
What is the remainder when -20*70/(-56) - (-1 + (0 - 2)) is divided by 17?
11
Let i = 193 - -248. Suppose 19*v - 34 = i. Let p(j) = -13*j + 7. What is the remainder when p(-5) is divided by v?
22
Suppose 4*d + 2*n - 881 = -3*n, 2*n = d - 217. Calculate the remainder when d is divided by (2/(-4))/((-5)/220).
21
What is the remainder when 32 + (-65 - -39) - -5840*1 is divided by 17?
15
Let r = 5924 + -5909. Calculate the remainder when 927 is divided by r.
12
Let m(v) = v**3 - v**2 - v + 18. Let g be 12/(-21) + 4840/(-56). Let n = -19 - g. What is the remainder when n is divided by m(0)?
14
Suppose -496 = 38*i - 3051 - 1055. What is the remainder when 1231 is divided by i?
91
Let h = -21 - -66. Let r = 456 - 191. Calculate the remainder when r is divided by h.
40
Suppose 0 = 9*z + 2*z - 1360 - 367. What is the remainder when z is divided by 70?
17
What is the remainder when 127 is divided by 26466/308 + 2/28?
41
Suppose -4*u - 697 = -925. Calculate the remainder when 1082 is divided by u.
56
Let f = 10192 + -9016. Calculate the remainder when f is divided by 369.
69
Suppose -2*c + 4 = -3*k, -2*c - 21 = 4*k + 3. Let w be (c*19)/((-18)/27). Let m = w - 80. Calculate the remainder when m is divided by 9.
7
Suppose 0 = 16*g - 14890 - 28350 + 3944. What is the remainder when g is divided by 27?
26
Let c(o) = -o**2 - 4*o - 1. Suppose -10*y + 7*y = -d - 12, 8 = 4*d - 5*y. Calculate the remainder when d is divided by c(-3).
0
Let i(j) = -9*j + 9. Let o(s) = -s**2 - 8*s + 8. Let p be (-112)/52 - 2/(-13). Let z(m) = p*o(m) + 3*i(m). Calculate the remainder when 127 is divided by z(7).
31
Let y = -798 + 917. Calculate the remainder when y is divided by 25.
19
Suppose -2*u - 18 + 32 = 0. Suppose -u*j + 1207 + 60 = 0. Calculate the remainder when j is divided by 46.
43
Suppose -5*x + x = 0, -5*x = z - 1253 + 4. What is the remainder when z is divided by 266?
185
Let s(c) = -10*c**3 - 22*c**2 - 21*c - 67. Calculate the remainder when s(-9) is divided by 245.
240
Suppose -13*j = -17*j + 3*u + 1581, 5*j - 3*u - 1980 = 0. Let b = 432 - j. What is the remainder when 296 is divided by b?
32
Let v = -2685 + 2974. Calculate the remainder when v is divided by 3.
1
Suppose 4*d + 5*v = 3181, -13*d + 17*d = 9*v + 3223. What is the remainder when d is divided by 25?
24
Let u(a) = 2*a**3 - 46*a**2 - 31*a + 23. Calculate the remainder when u(24) is divided by 109.
104
Calculate the remainder when -2*29/145*(-5195 - 0) is divided by 8.
6
Let g(k) = k**2. Let w be g(2). Suppose -3*t + 3*m + 9 = -2*t, 4 = -w*m. Calculate the remainder when 70 is divided by t.
4
Let a be (-2 + 2*2)/((-86)/387). Calculate the remainder when 402 is divided by (1820/(-8))/(-7) + a/6.
30
Suppose 4*m + 4*b - 688 = 0, -65*m = -64*m - 2*b - 169. What is the remainder when m is divided by 37?
23
Suppose 115 = 13*r - 288. Suppose 5*g = -3*a + r, 0 = 4*g + 5*a + 6 - 23. Calculate the remainder when 19 is divided by g.
3
Let g be 7578/135 + (-4)/30. Suppose 53 - g = -p. Suppose 4*f - 71 = 5*l - 31, 2*l - 53 = -p*f. What is the remainder when 27 is divided by f?
12
Let p be (2 + -3)/((-2)/4). Suppose 141 = h + 3*d - 204, 0 = 4*h + p*d - 1340. What is the remainder when h is divided by 84?
81
Let z be -378 + 5/6 + (-10)/(-60). Let h = z + 436. What is the remainder when 351 is divided by h?
56
Let b = 147 + -132. What is the remainder when 23 is divided by b/30*(-56)/(-2)?
9
Suppose -3*l = 3*k - 129, 2*k + 3*l - 35 - 46 = 0. Let a = 1154 - 995. Calculate the remainder when a is divided by k.
15
Suppose 6*g = 8*g - 4. Suppose 2790 = g*a + 7*a. Calculate the remainder when a is divided by 13.
11
Let t(p) = p**3 + 14*p**2 - 3*p + 9. Let u be (5/50*-4)/((-2)/(-60)). Let y = u + 25. What is the remainder when t(-14) is divided by y?
12
Calculate the remainder when 2727 is divided by (824/1030)/((-2266)/(-6780) - (-4)/(-12)).
15
What is the remainder when 990/22 + -56 - (-568 + 1) is divided by 71?
59
Suppose 10*r - 9*r - 368 = 0. Suppose -r = -b - 15*b. Calculate the remainder when b is divided by 2.
1
Suppose 0 = j - 0*j - 2. Suppose a = -j*a + 3*f + 249, -5*f - 79 = -a. Calculate the remainder when a is divided by 1362/31 - 4*8/(-496).
40
Let w(g) = g - 4. Let j be w(5). Let o be j/((20/32)/5). Calculate the remainder when 75 is divided by (21/(-6) + 1)*(-8 - o).
35
Suppose 15*z = 124 + 131. Let i = 228 - 161. What is the remainder when i is divided by z?
16
Let j(h) = -4*h**2 + 144*h + 7. Suppose 40 = v + 4*f, 2 = 20*f - 18*f. What is the remainder when 111 is divided by j(v)?
6
Let g = -31 - -35. Let q = 5 + g. What is the remainder when 24 is divided by (3*(-1)/q)/(2/(-78))?
11
Suppose x = -281 + 1325. Suppose 27*p = 36*p - x. What is the remainder when p is divided by 33?
17
Suppose -4*u - 3*p = -936, 5*p - 16 = 4. Suppose 0 = -16*s + 617 + u. Calculate the remainder when s is divided by 18.
17
Suppose -41*c = -21177 - 44575 - 21373. Calculate the remainder when c is divided by 265.
5
Suppose 16*k = 23*k - 371. Suppose 4*q + k = 141. Let o(j) = 5*j**2 - j - 11. What is the remainder when o(4) is divided by q?
21
Let m(g) = -15*g - 104. Let n = -42 - -34. What is the remainder when 108 is divided by m(n)?
12
Let o = 27 + -37. Let m(h) = -13*h + 115. Calculate the remainder when m(-2) is divided by 4/o*(-41 - 4).
15
Suppose -3*q - 4*i = -1692, 29*q - i = 33*q - 2243. What is the remainder when q is divided by 32?
16
Let f = 3754 - 3679. Calculate the remainder when 229 is divided by f.
4
Let g = -358 + 360. Suppose 3*d + g*d = -10, -z - 4*d = -51. Calculate the remainder when 117 is divided by z.
58
Let o be (181 - 1)*9/81*6. Suppose 4*y - 2*d = o, -4*y - d - 77 = -191. What is the remainder when y is divided by 6?
5
Suppose -3*v - 3*x = -4*x - 122, -5*v = 3*x - 208. Let i = -34 + v. Calculate the remainder when 39 is divided by i + -7 - (-12 - -1).
6
Suppose 9*o - 8 - 46 = 0. Let l(j) = 5*j + 24. What is the remainder when l(o) is divided by 5?
4
Let g(i) = 12*i**2 - 125*i + 18. Calculate the remainder when g(14) is divided by 213.
194
Suppose 4*w + 4*c - 220 = 0, -5*w - 9*c + 271 = -8*c. Suppose 7*b - 3*b = 44. Calculate the remainder when w is divided by b.
10
Let b(o) = -69 + 7 - 11*o - 8*o + 26*o + 5*o. Calculate the remainder when b(19) is divided by 21.
19
Suppose 0 = -4*n + 3398 - 922. Calculate the remainder when n is divided by 2.
1
Let w(i) = -41*i + 1316. What is the remainder when w(29) is divided by 59?
9
Suppose -3*t = 5*p - 1322, 2*t + 2*p - 7 = 877. What is the remainder when t is divided by 140?
24
Let a = 2811 + -2734. Calculate the remainder when 540 is divided by a.
1
Let l(f) = f + 0*f**2 + 45*f**3 - 2 - f**2 - 44*f**3. Suppose -53 = -4*t - 13. What is the remainder when l(3) is divided by t?
9
Suppose 0 = 3*n - 5*t - 110, 2*n + 0*n - 3*t - 74 = 0. Suppose 15080 = -24*x + 154*x. Calculate the remainder when x is divided by n.
36
Let k(j) = 10*j**2 + 93*j. Calculate the remainder when 2799 is divided by k(-10).
69
Let d(z) = 151*z - 2888. What is the remainder when 452 is divided by d(20)?
56
Let r be -1*(4 - 2)/(6/3). Let b(f) = -40*f + 3. What is the remainder when 298 is divided by b(r)?
40
Let g = 769 - 475. What is the remainder when 122 is divided by (-1372)/g*(-10 + 1)?